is divided by 16.
13
Suppose 0 = -2*f + w + 120, f + 2*f - 2*w - 182 = 0. What is the remainder when 113 is divided by f?
55
Suppose 0 = -0*o + 5*o - 20. Suppose 5*f - 14 = -4*b, 0 = 3*f + b - 6 - 1. Suppose -f*h = -6 - o. What is the remainder when 9 is divided by h?
4
Suppose -k - 4*k = 10, -4*c + 26 = -5*k. Suppose 0 = 5*r - 8*r + 39. Suppose 5*t = -5*m + 35 - 10, 5*t = m + r. What is the remainder when c is divided by m?
0
Let w(l) = 5*l**2 + 18*l + 23. What is the remainder when w(-7) is divided by 12?
10
Let b = -38 + 6. Let o be b/(-6)*(-1197)/(-84). Suppose 0*x + x + m - 33 = 0, o = 2*x + 4*m. What is the remainder when x is divided by 5?
3
Let d(w) = -6*w**2 - w - 5. Let n be d(3). Let b = n + 98. Let k = b + -6. What is the remainder when k is divided by 11?
8
Suppose 3*a + 2*y = 6, 0 = -5*a - 4*y + 2*y + 6. Suppose 0 = -a*n + 2*n - 42. What is the remainder when n is divided by 8?
5
Suppose 3*q - 66 = -3*c, 5*q + 4*c = 92 + 17. Let z = 5 - 8. Let p = 5 - z. What is the remainder when q is divided by p?
5
Suppose 0 = 4*p + f - 4*f - 72, -3*p + 4*f + 54 = 0. What is the remainder when p is divided by 3?
0
Let v = -21 + 26. Let n(c) = -c**3 + 6*c**2 - 3*c + 9. Calculate the remainder when 93 is divided by n(v).
17
Suppose 24*n - 45 = -5*z + 22*n, -36 = -4*z - 5*n. Calculate the remainder when 98 is divided by z.
8
Let u be 38*(14/4 - 3). Let s = u + -2. What is the remainder when 82 is divided by s?
14
Let w(v) = -v + 12. Let m be w(0). Let h = 19 - m. Let z(u) = -6*u - 2. What is the remainder when h is divided by z(-1)?
3
Suppose -5*g - 2*r + 14 = 0, 5*g - 9*g + 4*r = -28. What is the remainder when 12 is divided by g?
0
Let a(h) = -2*h**3 - 2*h**2 - 2*h - 4. Let y be a(-3). Suppose -12*b + 14*b - y = 0. What is the remainder when 37 is divided by b?
18
Let h(j) = -j**2 + 50*j + 231. What is the remainder when 1153 is divided by h(54)?
13
Suppose 3*p + 4*t = -2*p + 257, 3*p = 2*t + 141. Let s be (-68)/3 + 1/(-3). Let b = p + s. What is the remainder when 49 is divided by b?
23
Suppose 0 = 18*c - 21*c + 138. What is the remainder when 551 is divided by c?
45
Suppose -4*r + 476 = 12. Suppose q + r = 5*m - q, -2*m + 5*q + 59 = 0. Calculate the remainder when m is divided by 7.
1
Let z be 1 + -2 + (4 - -1). Suppose 0 = -4*j - 5*w - 1 + 11, -j + 2*w + 9 = 0. Suppose j*p = z*p + 19. What is the remainder when 54 is divided by p?
16
Let h be -10 + 8 + (-1 - -4 - 2). Calculate the remainder when h*3/(-3)*64 is divided by 22.
20
Let p be 12/20 + (-8)/5. Let c = 10 - p. What is the remainder when ((-41)/2 - 1)*-2 is divided by c?
10
Suppose -t - 11 + 14 = 0, -y + 4*t - 2 = 0. What is the remainder when 126 is divided by y?
6
Let f = 6 + -18. Let j(b) = b**3 + 13*b**2 + 10*b - 1. Let c be j(f). Let h = c - 7. Calculate the remainder when h is divided by 6.
4
Let b(u) = -6*u**2 - 52*u + 2. Calculate the remainder when 1005 is divided by b(-7).
69
Suppose 0 = -2*z + 2*n + 198, 408 = 4*z - 16*n + 18*n. Calculate the remainder when 204 is divided by z.
2
Calculate the remainder when 237 is divided by 15/10*(3 - -37).
57
Let t = 65 - 60. Calculate the remainder when ((-22)/(-5))/(3/15) is divided by t.
2
Suppose -5*g - 5*x + 685 = 0, 2*g + 697 = 7*g + x. What is the remainder when g is divided by 36?
32
Calculate the remainder when 56 is divided by ((-5)/(-15))/(3*(-3)/(-783)).
27
Suppose 3*t + 15 = 0, t + 0*t = 4*o - 1. Let q be (18/21)/(o/(-14)). Let r = 36 - q. Calculate the remainder when 46 is divided by r.
22
Suppose 0 = -2*c + 90*m - 89*m + 110, 4*m = 5*c - 269. Calculate the remainder when c is divided by 40.
17
Let t(a) = -4 + 9*a + 2 + 2. What is the remainder when t(4) is divided by 20?
16
What is the remainder when 188 is divided by (-4)/50 + (-5016)/(-200)?
13
Let m = 12 - 9. Let j be 22/5 + 10/(-25). Suppose 0 = 3*i - m*q - 106 - 77, j*i - q = 241. Calculate the remainder when i is divided by 21.
18
Let h = 90 - 45. Suppose 5*k - 4*g - h = g, -4*k - 2*g = -66. Suppose 2*i = 3*i - k. Calculate the remainder when i is divided by 4.
2
Suppose 3*y - 4*j = 45, -j = -2*y - 0*j + 30. Let o = 37 + -47. What is the remainder when 61 is divided by (3 + (-69)/y)*o?
13
Let f(o) = o + 14. Let b be f(-11). Let d be (30/(-1))/b*2. Let n = d - -36. Calculate the remainder when 30 is divided by n.
14
Let k = 169 + -142. What is the remainder when 134 is divided by k?
26
Suppose -3*v = -3*q - 264, 2*v + 3*v = -2*q + 468. Suppose 4*d - v = 2*d. Calculate the remainder when d is divided by 8.
6
Suppose -j + 35 - 8 = 0. Let g = -1 - -6. Suppose -g*q - 4*v = -3*q - 12, -82 = -5*q + 3*v. Calculate the remainder when j is divided by q.
13
Suppose 3*d + 2*x = 252, 0 = 3*d - x - 101 - 151. Calculate the remainder when d is divided by 17.
16
Suppose -2*p + 4*c + 53 = -381, -4*c + 1099 = 5*p. What is the remainder when p is divided by 41?
14
Let d = -75 - -49. Let a(p) = p**3 - p**2 - 2*p - 7. Let o be a(4). Let q = o + d. What is the remainder when q is divided by 2?
1
Let r(b) = 2*b**3 + 6*b**2 - 10*b - 4. What is the remainder when r(4) is divided by 32?
20
Let t be (5/15 - -1)*3. Suppose -102 = -u + c, -t*u + 445 = -2*c + 27. Calculate the remainder when u is divided by 27.
26
Let t = 21 - 29. Let f = 217 + -211. What is the remainder when (2/3)/(t/(-276)) is divided by f?
5
Let z = 366 - 339. Calculate the remainder when 237 is divided by z.
21
Suppose -3*a + 39 = -3*n, -2*n - 3*n = 5*a - 105. Suppose -a - 9 = -s. What is the remainder when s is divided by 8?
2
Suppose 5*g = -q - 8, -5*q + 8*g - 3*g + 20 = 0. Suppose 6 = 3*y - q*t + 34, -5*t = -2*y - 26. Let i = y + 20. Calculate the remainder when 46 is divided by i.
10
Suppose -5*h + 19 = 3*x - 5, -16 = -2*x - h. Calculate the remainder when (4/x)/(2/116) is divided by 4.
1
Suppose -g - 41 = 3*x - 5*x, 3*x = -g + 69. What is the remainder when ((-4)/(-6) + 1719/54)*2 is divided by x?
21
Calculate the remainder when 238 is divided by -9 + (145 - 6 - 5).
113
Suppose g + 93 = 271. Calculate the remainder when g is divided by 38.
26
Suppose -10*i + 14*i - 2*y - 216 = 0, -4*i + 216 = 3*y. What is the remainder when 210 is divided by i?
48
Let d(w) = 2*w - 7. Let c(l) = l - 4. Let n(p) = 5*c(p) - 3*d(p). Let u = 3 - 7. What is the remainder when 19 is divided by n(u)?
4
Let m = -1884 - -1895. What is the remainder when 259 is divided by m?
6
Suppose 0 = -5*u - 20, -2*a + 42 = 4*u - 12. Suppose -5*w + 33 = k - 0*w, 3*k = w + a. Calculate the remainder when k is divided by 12.
1
Let i(y) = -y**3 + 6*y**2 - 3. Suppose 0 = 61*t + 87*t - 34*t - 6612. What is the remainder when t is divided by i(5)?
14
Let p be (-207)/6*6/(-9). Suppose 4*r - 75 = -q, r - q - 3*q - p = 0. What is the remainder when 54 is divided by r?
16
Let s = -158 - -175. What is the remainder when 186 is divided by s?
16
Suppose 2*v - 39 = -3*l, 20*v - 24*v - 5*l = -77. Suppose -4*i - 2*n + 30 = 0, -5*i + 42 - 12 = n. Calculate the remainder when v is divided by i.
3
Let v(m) = -9 + 7 - 3*m**2 + 2*m - 4*m - m**3. Let h be v(-3). Suppose -l + 54 - h = 0. What is the remainder when l is divided by 13?
11
Suppose 5*v - 75 = -2*w - 3*w, w = 2*v + 18. Let d = w + 19. Suppose 89 = 5*x - 1. What is the remainder when d is divided by x?
17
Let z be (-5)/(-2) - (-5)/10. Let h(f) = f**2 + 3*f + 1. Calculate the remainder when (-3 - 6/(-3))*-35 is divided by h(z).
16
Suppose 2*h = x - 42, -5*h = -35*x + 32*x + 125. What is the remainder when x is divided by 14?
12
Let u(o) = -4*o**2 + 119*o + 42. Calculate the remainder when u(30) is divided by 4.
0
Suppose 4*n - 6 = -w, 113*w - 5*n + 30 = 118*w. Calculate the remainder when w is divided by ((-4)/(-6))/(1/6).
2
Let l(o) = o**3 - 6*o**2 + 8*o - 3. Let m be l(4). What is the remainder when 86 is divided by (5/(100/16))/(m/(-165))?
42
Let p be 5/((-25)/(-110)) - (-2)/(-2). Let r = p + -20. What is the remainder when 1 is divided by r?
0
Let d = 2 + 1. Suppose -4*g + 5 = -d. Calculate the remainder when 88/14 - 12/42 is divided by g.
0
Suppose -3*n = 4*s - 99, -5*s + 29 = 3*n - 97. Suppose -6*v - 2*r - 312 = -2*v, 3*v - r = -229. Let m = -67 - v. Calculate the remainder when s is divided by m.
7
Let l(o) = o - 1 - 7*o + o**2 + 1 - 3. Let t be l(7). Suppose -8 = -2*n - v, -v = -2*n - 3*v + t. Calculate the re